{"id":1633,"date":"2020-09-29T19:57:34","date_gmt":"2020-09-29T17:57:34","guid":{"rendered":"https:\/\/cirque-gruss.com\/boutique\/?post_type=product&#038;p=1633"},"modified":"2024-12-23T07:20:05","modified_gmt":"2024-12-23T06:20:05","slug":"programme-excentrik","status":"publish","type":"product","link":"https:\/\/cirque-gruss.com\/boutique\/produit\/programme-excentrik\/","title":{"rendered":"Programme &#8211; ExcentriK &#8211; Tourn\u00e9e 2020\/21"},"content":{"rendered":"<p>44 pages &#8211; Tourn\u00e9e 2020\/21<\/p>\n<p>Format:ferm\u00e9 : 210 x 297 mm &#8211; ouvert: 420 x 297 mm<br \/>\nCouverture et dos : Papier blanc 350 gr<br \/>\nInt\u00e9rieur : 40 pages imprim\u00e9 sur papier blanc 135 gr<\/p>\n<p>Le papier utilis\u00e9 est certifi\u00e9 FSC garantissant le respect de l&rsquo;environnement.<\/p>\n<p>Les encres sont d&rsquo;origine v\u00e9g\u00e9tale et conforment aux normes environnementales europ\u00e9ennes.<\/p>\n","protected":false},"excerpt":{"rendered":"<p>Programme officiel de la premi\u00e8re tourn\u00e9e du spectacle ExentriK &#8211; 2020\/21<\/p>\n<p>Imprim\u00e9 en France<\/p>\n<p>Format:ferm\u00e9 : 210 x 297 mm &#8211; ouvert: 420 x 297 mm<br \/>\nCouverture et dos : Papier blanc 350 gr<br \/>\nInt\u00e9rieur : 40 pages imprim\u00e9 sur papier blanc 135 gr<\/p>\n<p>Le papier utilis\u00e9 est certifi\u00e9 FSC* garantissant le respect de l&rsquo;environnement.<\/p>\n<p>Les encres sont d&rsquo;origine v\u00e9g\u00e9tale et conforment aux normes environnementales europ\u00e9ennes.<\/p>\n","protected":false},"featured_media":2414,"comment_status":"open","ping_status":"closed","template":"","meta":{"site-sidebar-layout":"default","site-content-layout":"default","ast-site-content-layout":"default","site-content-style":"default","site-sidebar-style":"default","ast-global-header-display":"","ast-banner-title-visibility":"","ast-main-header-display":"","ast-hfb-above-header-display":"","ast-hfb-below-header-display":"","ast-hfb-mobile-header-display":"","site-post-title":"","ast-breadcrumbs-content":"","ast-featured-img":"","footer-sml-layout":"","ast-disable-related-posts":"","theme-transparent-header-meta":"default","adv-header-id-meta":"","stick-header-meta":"default","header-above-stick-meta":"","header-main-stick-meta":"","header-below-stick-meta":"","astra-migrate-meta-layouts":"default","ast-page-background-enabled":"default","ast-page-background-meta":{"desktop":{"background-color":"","background-image":"","background-repeat":"repeat","background-position":"center center","background-size":"auto","background-attachment":"scroll","background-type":"","background-media":"","overlay-type":"","overlay-color":"","overlay-opacity":"","overlay-gradient":""},"tablet":{"background-color":"","background-image":"","background-repeat":"repeat","background-position":"center center","background-size":"auto","background-attachment":"scroll","background-type":"","background-media":"","overlay-type":"","overlay-color":"","overlay-opacity":"","overlay-gradient":""},"mobile":{"background-color":"","background-image":"","background-repeat":"repeat","background-position":"center center","background-size":"auto","background-attachment":"scroll","background-type":"","background-media":"","overlay-type":"","overlay-color":"","overlay-opacity":"","overlay-gradient":""}},"ast-content-background-meta":{"desktop":{"background-color":"var(--ast-global-color-5)","background-image":"","background-repeat":"repeat","background-position":"center center","background-size":"auto","background-attachment":"scroll","background-type":"","background-media":"","overlay-type":"","overlay-color":"","overlay-opacity":"","overlay-gradient":""},"tablet":{"background-color":"var(--ast-global-color-5)","background-image":"","background-repeat":"repeat","background-position":"center center","background-size":"auto","background-attachment":"scroll","background-type":"","background-media":"","overlay-type":"","overlay-color":"","overlay-opacity":"","overlay-gradient":""},"mobile":{"background-color":"var(--ast-global-color-5)","background-image":"","background-repeat":"repeat","background-position":"center center","background-size":"auto","background-attachment":"scroll","background-type":"","background-media":"","overlay-type":"","overlay-color":"","overlay-opacity":"","overlay-gradient":""}}},"product_brand":[],"product_cat":[41],"product_tag":[],"class_list":{"0":"post-1633","1":"product","2":"type-product","3":"status-publish","4":"has-post-thumbnail","6":"product_cat-programme","7":"product_shipping_class-classe-sur-mesure","8":"desktop-align-left","9":"tablet-align-left","10":"mobile-align-left","11":"ast-product-gallery-layout-vertical","12":"ast-product-tabs-layout-horizontal","13":"ast-qv-on-image","15":"first","16":"instock","17":"shipping-taxable","18":"purchasable","19":"product-type-simple"},"_links":{"self":[{"href":"https:\/\/cirque-gruss.com\/boutique\/wp-json\/wp\/v2\/product\/1633","targetHints":{"allow":["GET"]}}],"collection":[{"href":"https:\/\/cirque-gruss.com\/boutique\/wp-json\/wp\/v2\/product"}],"about":[{"href":"https:\/\/cirque-gruss.com\/boutique\/wp-json\/wp\/v2\/types\/product"}],"replies":[{"embeddable":true,"href":"https:\/\/cirque-gruss.com\/boutique\/wp-json\/wp\/v2\/comments?post=1633"}],"wp:featuredmedia":[{"embeddable":true,"href":"https:\/\/cirque-gruss.com\/boutique\/wp-json\/wp\/v2\/media\/2414"}],"wp:attachment":[{"href":"https:\/\/cirque-gruss.com\/boutique\/wp-json\/wp\/v2\/media?parent=1633"}],"wp:term":[{"taxonomy":"product_brand","embeddable":true,"href":"https:\/\/cirque-gruss.com\/boutique\/wp-json\/wp\/v2\/product_brand?post=1633"},{"taxonomy":"product_cat","embeddable":true,"href":"https:\/\/cirque-gruss.com\/boutique\/wp-json\/wp\/v2\/product_cat?post=1633"},{"taxonomy":"product_tag","embeddable":true,"href":"https:\/\/cirque-gruss.com\/boutique\/wp-json\/wp\/v2\/product_tag?post=1633"}],"curies":[{"name":"wp","href":"https:\/\/api.w.org\/{rel}","templated":true}]}}