{"id":2967,"date":"2025-04-12T19:54:46","date_gmt":"2025-04-12T17:54:46","guid":{"rendered":"https:\/\/cirque-gruss.com\/boutique\/?post_type=product&#038;p=2967"},"modified":"2026-04-14T10:37:45","modified_gmt":"2026-04-14T08:37:45","slug":"vehicule-miniature-de-collection-renault-master-arlette-gruss","status":"publish","type":"product","link":"https:\/\/cirque-gruss.com\/boutique\/produit\/vehicule-miniature-de-collection-renault-master-arlette-gruss\/","title":{"rendered":"V\u00e9hicule miniature de collection : Renault Master Arlette Gruss"},"content":{"rendered":"<p>V\u00e9hicule miniature de collection.<br \/>\n\u00c9chelle 1:43<\/p>\n","protected":false},"excerpt":{"rendered":"<p>Renault Master reprenant les costumes du Cirque Arlette Gruss.<\/p>\n<p>Automobile miniature de collection.<\/p>\n<p>\u00c9chelle 1:43<\/p>\n<p>Les mod\u00e8les ELIGOR sont des objets de collection pour adultes.<br \/>\nTous les mod\u00e8les sont rigoureusement r\u00e9alis\u00e9s \u00e0 l&rsquo;\u00e9chelle sur la base de dessins approuv\u00e9s par les constructeur automobiles.<\/p>\n","protected":false},"featured_media":2970,"comment_status":"open","ping_status":"closed","template":"","meta":{"site-sidebar-layout":"default","site-content-layout":"","ast-site-content-layout":"default","site-content-style":"default","site-sidebar-style":"default","ast-global-header-display":"","ast-banner-title-visibility":"","ast-main-header-display":"","ast-hfb-above-header-display":"","ast-hfb-below-header-display":"","ast-hfb-mobile-header-display":"","site-post-title":"","ast-breadcrumbs-content":"","ast-featured-img":"","footer-sml-layout":"","ast-disable-related-posts":"","theme-transparent-header-meta":"default","adv-header-id-meta":"","stick-header-meta":"default","header-above-stick-meta":"","header-main-stick-meta":"","header-below-stick-meta":"","astra-migrate-meta-layouts":"set","ast-page-background-enabled":"default","ast-page-background-meta":{"desktop":{"background-color":"","background-image":"","background-repeat":"repeat","background-position":"center center","background-size":"auto","background-attachment":"scroll","background-type":"","background-media":"","overlay-type":"","overlay-color":"","overlay-opacity":"","overlay-gradient":""},"tablet":{"background-color":"","background-image":"","background-repeat":"repeat","background-position":"center center","background-size":"auto","background-attachment":"scroll","background-type":"","background-media":"","overlay-type":"","overlay-color":"","overlay-opacity":"","overlay-gradient":""},"mobile":{"background-color":"","background-image":"","background-repeat":"repeat","background-position":"center center","background-size":"auto","background-attachment":"scroll","background-type":"","background-media":"","overlay-type":"","overlay-color":"","overlay-opacity":"","overlay-gradient":""}},"ast-content-background-meta":{"desktop":{"background-color":"var(--ast-global-color-5)","background-image":"","background-repeat":"repeat","background-position":"center center","background-size":"auto","background-attachment":"scroll","background-type":"","background-media":"","overlay-type":"","overlay-color":"","overlay-opacity":"","overlay-gradient":""},"tablet":{"background-color":"var(--ast-global-color-5)","background-image":"","background-repeat":"repeat","background-position":"center center","background-size":"auto","background-attachment":"scroll","background-type":"","background-media":"","overlay-type":"","overlay-color":"","overlay-opacity":"","overlay-gradient":""},"mobile":{"background-color":"var(--ast-global-color-5)","background-image":"","background-repeat":"repeat","background-position":"center center","background-size":"auto","background-attachment":"scroll","background-type":"","background-media":"","overlay-type":"","overlay-color":"","overlay-opacity":"","overlay-gradient":""}}},"product_brand":[],"product_cat":[48],"product_tag":[],"class_list":{"0":"post-2967","1":"product","2":"type-product","3":"status-publish","4":"has-post-thumbnail","6":"product_cat-collection","7":"product_shipping_class-classe-sur-mesure","8":"desktop-align-left","9":"tablet-align-left","10":"mobile-align-left","11":"ast-product-gallery-layout-vertical","12":"ast-product-tabs-layout-horizontal","13":"ast-qv-on-image","15":"first","16":"outofstock","17":"shipping-taxable","18":"purchasable","19":"product-type-simple"},"_links":{"self":[{"href":"https:\/\/cirque-gruss.com\/boutique\/wp-json\/wp\/v2\/product\/2967","targetHints":{"allow":["GET"]}}],"collection":[{"href":"https:\/\/cirque-gruss.com\/boutique\/wp-json\/wp\/v2\/product"}],"about":[{"href":"https:\/\/cirque-gruss.com\/boutique\/wp-json\/wp\/v2\/types\/product"}],"replies":[{"embeddable":true,"href":"https:\/\/cirque-gruss.com\/boutique\/wp-json\/wp\/v2\/comments?post=2967"}],"wp:featuredmedia":[{"embeddable":true,"href":"https:\/\/cirque-gruss.com\/boutique\/wp-json\/wp\/v2\/media\/2970"}],"wp:attachment":[{"href":"https:\/\/cirque-gruss.com\/boutique\/wp-json\/wp\/v2\/media?parent=2967"}],"wp:term":[{"taxonomy":"product_brand","embeddable":true,"href":"https:\/\/cirque-gruss.com\/boutique\/wp-json\/wp\/v2\/product_brand?post=2967"},{"taxonomy":"product_cat","embeddable":true,"href":"https:\/\/cirque-gruss.com\/boutique\/wp-json\/wp\/v2\/product_cat?post=2967"},{"taxonomy":"product_tag","embeddable":true,"href":"https:\/\/cirque-gruss.com\/boutique\/wp-json\/wp\/v2\/product_tag?post=2967"}],"curies":[{"name":"wp","href":"https:\/\/api.w.org\/{rel}","templated":true}]}}